on divisor of r and 3830?
10
Let i = -8582 - -9267. What is the highest common factor of i and 35?
5
Suppose 2*t + 26 = 2*n, 2*n = 25*t - 21*t + 32. Calculate the highest common factor of 4570 and n.
10
Let b(z) = -3*z**2 - 84*z + 31. Let s be b(-30). Let j = -116 - s. Calculate the greatest common factor of j and 561.
33
Let c = 0 - -9. Let m = 180 - 27. Let t = m - 144. Calculate the greatest common factor of c and t.
9
Let r(b) = 11*b - 42. Suppose 136 = -0*q - 4*q. Let s = 40 + q. Let c be r(s). Calculate the highest common factor of c and 192.
24
Suppose -5*v + f - 5*f + 614 = 0, -4*v + 492 = 4*f. Suppose 2*t = -3*w + v, 0*t + 2*t - 122 = w. Calculate the greatest common factor of t and 61.
61
Suppose -2 = 3*n - 29. Let p(s) = s**3 + 10*s**2 - 6*s - 15. Let o be -6 + -1*8/2. Let a be p(o). Calculate the greatest common divisor of a and n.
9
Let t(f) = -11*f**2 - 4*f. Let c be t(1). Let b(y) = -y + 29. Let g be b(c). Calculate the greatest common factor of g and 308.
44
Suppose -8*f + 12*f = 0. Let z be f/2 - 36/(-2). Suppose -4*b = -2*h - 362, -90*b - 2*h = -86*b - 358. What is the greatest common factor of b and z?
18
Suppose k = 5*q + 21, 3*k = 3*q - 4 + 19. Suppose 3*j + 16 + 2 = 0. Let a = j - -7. What is the greatest common factor of k and a?
1
Suppose 10*z - 3050 = 6*z - 5*a, -a = 4*z - 3074. Calculate the greatest common divisor of z and 595.
35
Let k(w) = -999*w - 148. Let f(a) = 40*a + 6. Let d(r) = 74*f(r) + 3*k(r). Let q = -48 + 45. Let c be d(q). Calculate the highest common factor of c and 37.
37
Let n(i) be the third derivative of 1673*i**4/24 - i**3/6 - 3*i**2. Let f be n(-1). Let k be (-12)/21 + f/(-14). What is the greatest common factor of 17 and k?
17
Let k be 70/(-7175)*-41 + (-798)/(-5). What is the highest common divisor of 176 and k?
16
Suppose -2*f = 5*s - 587, -63*s - 3*f = -65*s + 250. What is the greatest common divisor of s and 4352?
17
Let l(x) = x**3 - 12*x**2 + 17*x - 36. Let q be l(11). Suppose -30*i + 35*i - q = 0. What is the highest common factor of i and 12?
6
Suppose -40 = -4*b + 3*b. Let t = -4 + b. Suppose -y = 3*c - t, c - 3*c + 5*y = -41. Calculate the greatest common divisor of 91 and c.
13
Suppose 5*q - 82 = 4*x - 11, x - 4*q = -15. Let b = x + 24. Suppose 780 + 120 = b*f. What is the greatest common divisor of f and 18?
18
Let g = -18 + -255. Let x be (7 - g/(-35))/((-1)/5). What is the greatest common factor of 44 and x?
4
Let z = -1510 - -1468. Let y = -66 + 152. Let x = y + z. Calculate the greatest common divisor of x and 4.
4
Suppose 0 = -2*d - 2*d. Suppose -328 - 82 = -4*x - 2*u, 4*x - u - 395 = d. Let g = 4518 - 4478. What is the highest common factor of g and x?
20
Suppose -4*t + 2*j + 24 = 0, 5*t + 19*j = 16*j + 41. Let r(w) = 13*w + 24*w - 3 - 6. Let l be r(t). What is the greatest common divisor of l and 10?
10
Suppose -4*t - 203 = -11*t. Let k be 7/2*6/3. Let a be -1*1 - (k - 327). What is the greatest common factor of a and t?
29
Suppose 0 = 89*n - 47*n - 509 - 24355. Calculate the highest common factor of 222 and n.
74
Suppose 2*p + 3*p = 4*b + 166, p - 22 = -2*b. Let v be 528/396*47/4*p. What is the highest common divisor of v and 10?
10
Suppose q + 2 = 7. Let r be (q/2 + -3)*-64. Let s = 7224 + -7144. Calculate the highest common divisor of r and s.
16
Let k(w) = -w**3 - 58*w**2 - 110*w + 248. Let r be k(-56). What is the highest common factor of 170 and r?
34
Let w = -3596 + 3648. Calculate the highest common factor of w and 143.
13
Suppose -4*y = -3*q + 912, -4*q + 27*y + 1224 = 23*y. Calculate the greatest common factor of q and 2028.
156
Suppose 2*o - 37*i - 495 = -32*i, 5*i = -5*o + 1325. What is the highest common factor of 5 and o?
5
Let i(o) = 4*o**3 + 2*o**2 - 17*o - 25. Let l be i(5). Calculate the greatest common factor of 5 and l.
5
Suppose 1222 + 1170 = 2*z. Let y be 8/(-20) - -262*(-2)/(-10). What is the highest common factor of z and y?
52
Suppose 0 = -36*v + 35*v + 2. Suppose -5*x + 2*p + 73 = 0, v*x - p - 37 = -7. What is the highest common factor of x and 13?
13
Suppose 3*h = -2*z + 1826, 0*h = -2*h - z + 1218. Let g be (34/10)/(61/h). Let t be 256/3 + (-2)/6. What is the greatest common divisor of t and g?
17
Suppose -8*f - 47 = 25. Let p be (-35)/(-3) + (-3)/f. Let c be (-466)/(-2) - 4/p*9. Calculate the highest common factor of c and 10.
10
Let x = -63 + 96. Suppose -4*v = m - 50 + 1, 4*m - 5*v - 238 = 0. Let y = 189 - m. What is the greatest common divisor of x and y?
33
Let f(g) = -1. Let b(q) = -5*q + 6. Let p(n) = b(n) + 2*f(n). Let j be p(-2). Let k = 75 + -68. Calculate the greatest common factor of k and j.
7
Suppose 39*b + 27*b + 9590 = 31766. What is the highest common factor of b and 1572?
12
Let n = -359 - -365. Let q = -456 + 462. Calculate the highest common divisor of n and q.
6
Let k(r) = r**3 - 4*r**2 - 55*r - 38. Let n be k(-5). Let i = -22 - -4. Let t = i - -42. Calculate the greatest common divisor of t and n.
12
Suppose -96 = -2*z - 4*r, 0*r = -3*r + 12. Let u be (-3)/24 + 59749/1192. Calculate the highest common factor of z and u.
10
Suppose 994 = -183*m + 325*m. Calculate the highest common divisor of m and 1351.
7
Let q be (-13)/(-3) - (-8)/(-24). Suppose u - 8 = -3*z + 7, -q*u = -z - 112. Calculate the highest common factor of 45 and u.
9
Suppose -5*q = 5*u - 185, -306*u + 4*q = -302*u - 188. What is the highest common divisor of 1694 and u?
14
Let p = 572 - 334. Let r be p*1*9*5/30. Calculate the highest common divisor of r and 51.
51
Let r(u) = -2*u**3 + 46*u**2 + 48*u + 14. Let j be r(24). Suppose -2*t - 4*d - 446 = -5*t, -170 = -t - 4*d. Calculate the highest common divisor of t and j.
14
Let u(a) = 87*a - 10123. Let l be u(117). Let r be 2 + (0 - 6)*-2. Calculate the highest common divisor of l and r.
14
Suppose -186*c + 21836 = 11984 - 52644. Calculate the highest common factor of 6832 and c.
112
Let s be (555 - -3) + (4 - 6/1). Let z = 876 - s. Calculate the highest common divisor of z and 60.
20
Let s = -89 - -212. Suppose s*g + 20 = 127*g. What is the highest common factor of 25 and g?
5
Let k be (7 - 152/16) + (-474)/(-12). Let g = 88 + 319. Calculate the greatest common divisor of k and g.
37
Let u be (-8)/2 - ((-33 - -15) + -6). What is the highest common factor of u and 130?
10
Suppose -5*f = -146 - 254. Suppose -3*a = 5*g - 26 - f, 4*a - 28 = -g. Calculate the highest common factor of g and 20.
20
Let n(q) = -q**3 - 9*q**2 - q - 15. Let v be n(-9). Let k be (-15 - -2)*-2*(-3)/v. Suppose 0 = -3*a + k*a - 110. What is the highest common divisor of 55 and a?
11
Suppose -147*a - 35438 = -205*a. What is the greatest common factor of a and 26?
13
Suppose 37 + 35 = -9*s. Let r be (4/s)/(-3*2/(-4764)). Let g = 677 + r. Calculate the greatest common divisor of g and 20.
20
Let d = -2478 - -2492. Let q be ((-266)/(-5))/(3/15). Calculate the greatest common divisor of q and d.
14
Suppose -6*m - 10 + 22 = 0. Suppose -3*f + 189 = m*b, 4*b = 3*f + 16 + 335. Calculate the highest common divisor of 18 and b.
18
Let o be (-3)/(-5) + ((-141)/(-15) - -4). Let m be (-134)/603 - (-1 + 38/(-9)). Let p = o + m. Calculate the highest common factor of 95 and p.
19
Suppose 5*l + 1884 = -5*q + 6159, q = -3*l + 849. Calculate the greatest common factor of q and 99.
33
Let w = 82 - -1711. What is the highest common divisor of 33 and w?
11
Suppose -5*c = 6*t - t - 130, 3*c - t - 78 = 0. Let f = c - 22. What is the highest common divisor of f and 36?
4
Let n(z) = 3233*z**3 + z**2 - 101*z + 100. Let b be n(1). Calculate the highest common factor of b and 53.
53
Let c(n) = 2*n**2 + 152*n - 596. Let f be c(4). Calculate the highest common factor of 1364 and f.
44
Let y(i) = -11*i**2 - 46*i + 5. Let b(r) = r**3 + 11*r**2 + 32*r + 6. Let t be b(-5). Let h be y(t). Calculate the greatest common factor of 221 and h.
13
Suppose -4*u + 517 = 5*f, 2*u = -4*f + 169 + 79. Calculate the highest common divisor of 5451 and u.
69
Suppose 3*y - 12548 = p, -2*y + 0*y + 8398 = 4*p. What is the greatest common divisor of y and 135?
135
Let i = 6643 + 917. What is the highest common divisor of i and 567?
189
Let h = -249 + 251. Suppose -h*a + 3*m = -103, 3*a + 2*a + 4*m = 269. What is the greatest common factor of 901 and a?
53
Let z = 8378 + -8364. What is the greate